{"id":61,"date":"2015-03-24T11:49:22","date_gmt":"2015-03-24T11:49:22","guid":{"rendered":"http:\/\/bierbrauhaus.de\/?page_id=61"},"modified":"2023-02-17T14:25:28","modified_gmt":"2023-02-17T14:25:28","slug":"oeffnungszeiten","status":"publish","type":"page","link":"http:\/\/bierbrauhaus.de\/?page_id=61","title":{"rendered":"\u00d6ffnungszeiten\/ Kontakt"},"content":{"rendered":"<h2><span style=\"text-decoration: underline;\"><strong><span style=\"color: #993300; text-decoration: underline;\">zu unseren \u00f6ffentlichen Events (siehe Aktuelles)<br \/>\n<\/span><\/strong><\/span><\/h2>\n<h2><strong>Bierbrauhaus Obergurig * Gro\u00dfd\u00f6bsch\u00fctzer Stra\u00dfe 3 * 02692 Obergurig *<\/strong><br \/>\n<strong> 035938 57684\u00a0\u00a0 *\u00a0\u00a0 0152 02044730 \u00a0 * \u00a0 braumeister@bierbrauhaus.de<\/strong><\/h2>\n<div id=\"attachment_69\" style=\"width: 440px\" class=\"wp-caption alignnone\"><a href=\"http:\/\/bierbrauhaus.de\/wp-content\/uploads\/2015\/03\/IMG_8485.jpg\"><img aria-describedby=\"caption-attachment-69\" loading=\"lazy\" class=\"wp-image-69\" src=\"http:\/\/bierbrauhaus.de\/wp-content\/uploads\/2015\/03\/IMG_8485-632x421.jpg\" alt=\"IMG_8485\" width=\"430\" height=\"287\" srcset=\"http:\/\/bierbrauhaus.de\/wp-content\/uploads\/2015\/03\/IMG_8485-632x421.jpg 632w, http:\/\/bierbrauhaus.de\/wp-content\/uploads\/2015\/03\/IMG_8485-420x280.jpg 420w, http:\/\/bierbrauhaus.de\/wp-content\/uploads\/2015\/03\/IMG_8485-1020x680.jpg 1020w\" sizes=\"(max-width: 430px) 100vw, 430px\" \/><\/a><p id=\"caption-attachment-69\" class=\"wp-caption-text\">Klick f\u00fcr Gro\u00dfformat<\/p><\/div>\n","protected":false},"excerpt":{"rendered":"<p>zu unseren \u00f6ffentlichen Events (siehe Aktuelles) Bierbrauhaus Obergurig * Gro\u00dfd\u00f6bsch\u00fctzer Stra\u00dfe 3 * 02692 Obergurig * 035938 57684\u00a0\u00a0 *\u00a0\u00a0 0152 02044730 \u00a0 * \u00a0 braumeister@bierbrauhaus.de<\/p>\n","protected":false},"author":1,"featured_media":0,"parent":0,"menu_order":0,"comment_status":"closed","ping_status":"closed","template":"","meta":[],"_links":{"self":[{"href":"http:\/\/bierbrauhaus.de\/index.php?rest_route=\/wp\/v2\/pages\/61"}],"collection":[{"href":"http:\/\/bierbrauhaus.de\/index.php?rest_route=\/wp\/v2\/pages"}],"about":[{"href":"http:\/\/bierbrauhaus.de\/index.php?rest_route=\/wp\/v2\/types\/page"}],"author":[{"embeddable":true,"href":"http:\/\/bierbrauhaus.de\/index.php?rest_route=\/wp\/v2\/users\/1"}],"replies":[{"embeddable":true,"href":"http:\/\/bierbrauhaus.de\/index.php?rest_route=%2Fwp%2Fv2%2Fcomments&post=61"}],"version-history":[{"count":18,"href":"http:\/\/bierbrauhaus.de\/index.php?rest_route=\/wp\/v2\/pages\/61\/revisions"}],"predecessor-version":[{"id":1638,"href":"http:\/\/bierbrauhaus.de\/index.php?rest_route=\/wp\/v2\/pages\/61\/revisions\/1638"}],"wp:attachment":[{"href":"http:\/\/bierbrauhaus.de\/index.php?rest_route=%2Fwp%2Fv2%2Fmedia&parent=61"}],"curies":[{"name":"wp","href":"https:\/\/api.w.org\/{rel}","templated":true}]}}